). Let i(r) = v*n(r) - 2*q(r). Calculate i(-2).
-8
Let l be (-9)/((-9)/6*1). Let q(s) = -s + 6 + 5*s**2 - l*s + s**2 - 5*s**2. Determine q(7).
6
Let x(a) = -6*a**2 - 4*a + 7. Let l(m) = -5*m**2 - 4*m + 6. Let o(v) = -7*l(v) + 6*x(v). Let z(t) = -5*t**2 + 5 + 5 - 5 - t**3. Let p be z(-5). What is o(p)?
-5
Suppose 0 = 5*g - 3*m - 133, -4*g + 60 = -3*m - 47. Let r(j) = -30*j + 80*j - 25*j - g*j. Give r(-4).
4
Let j = 27 - 25. Suppose -j*y = 4*k - 16, -8*y + 14 = -3*k - 3*y. Let p(u) = -1 - 18*u**k + 10*u**2 - 7*u + 7*u**2. Give p(-6).
5
Let d(y) = -y**3 + 5*y**2 + 2. Let m(v) = v**3 + v**2 + 3*v - 2. Suppose q = -2*q + 6. Let b be m(q). Suppose o - b + 11 = 0. Determine d(o).
2
Let u(f) = -6*f - 3 - 2*f**2 - 5*f - 5*f + 11*f. Determine u(-3).
-6
Suppose -2*l = 2*l, m - 3*l = 8. Let b(q) = 11*q - 90. Let a be b(8). Let k = a + m. Let j(f) = 2*f - 8. Determine j(k).
4
Let d(r) = 2*r - 1. Suppose 0 = -7*b + 2*b. Let h(x) = -x**2 + x + 2. Let p be h(b). Suppose -3 = -p*t + 1. Determine d(t).
3
Let z(d) = -4*d**3 + 4*d - 8. Let w be z(2). Let r(s) = -s**2 - 34*s - 58. Determine r(w).
6
Let w(s) = 6*s. Let y be -2 + -1 - 6*12/(-36). Determine w(y).
-6
Suppose 5*s = -2*f + 7, 9*f + 5*s - 10 = 4*f. Let l(w) = 34*w**2 + w - 1. Calculate l(f).
34
Let p(u) = 3*u**2 - 28*u - 5. Let k(o) = 2*o**2 - 19*o - 4. Let f(m) = -7*k(m) + 5*p(m). Give f(6).
-3
Suppose 0 = 2*h + f - 5*f + 8, -f - 7 = -5*h. Let x(s) = 4*s**3 - 3*s**3 - 5*s**2 + 5*s**2 - h. Let w be (-1)/3*(-1 + 1). What is x(w)?
-2
Suppose -5*w + 11 + 4 = 0. Let l(r) be the third derivative of r**4/24 - r**3 - 12*r**2 - 1. Determine l(w).
-3
Let l(g) be the third derivative of 11*g**5/30 + g**3/6 + 26*g**2. Suppose -4 = -c - 5. Determine l(c).
23
Let i(z) = -47*z + 1 + 2*z**3 + 46*z + z**2 + 3*z**3. Give i(1).
6
Let k(y) be the first derivative of -y**2/2 + 6. Let f be k(-7). Let d(s) = -s**2 + 10*s + 1. What is d(f)?
22
Let p(m) be the second derivative of -m**5/20 + 5*m**4/12 + m**3 + 2*m**2 + 41*m. Suppose 3*s = -g - g - 3, 3*s = -3. Let o be g - 12/(1 - 3). Calculate p(o).
4
Let w(l) = -l + 12. Let a be w(11). Suppose -4*h = a - 9. Let y(x) = 2 - x**2 + 0*x**h - 1 + 3 + x. Determine y(0).
4
Let b(d) = 8*d**2 - 17*d**2 - d**3 - 2 - 6*d**2 - 17*d**2 + 20*d**2. Determine b(-12).
-2
Let j(d) = 1. Let v(g) = -g**2 - 4*g + 4. Let z(q) = -2*j(q) + v(q). Let y be (-21)/(-14)*(-3 - 1/(-3)). Determine z(y).
2
Let t be ((-4 + 3)*0)/1. Let l be (0 - t)*(-1)/1. Let j be (-3 + -1 - 0) + l. Let x(o) = o**3 + 3*o**2 - 4*o + 3. What is x(j)?
3
Let t(l) = l + 9. Let b be t(-9). Suppose b = g - 3. Let w(u) = -3 - 2*u**2 + 17*u**g - 16*u**3 - 3*u + 1. Calculate w(3).
-2
Let j(w) be the second derivative of 1/6*w**3 + 0 - 2*w**2 + 6*w. Let v = -37 + 33. Calculate j(v).
-8
Let c(z) = 0*z + 0*z - z. Determine c(-2).
2
Let q(k) = -k**2 - 5*k + 2. Let y be q(-6). Let l(w) = 5. Let x(i) be the first derivative of i**2/2 + 1. Let z(b) = l(b) + 2*x(b). What is z(y)?
-3
Suppose 0 = 5*u - 7*u + 6. Let b(f) = -9 + 6 - 7 + f + f**2 + 0*f**u - f**3. Calculate b(0).
-10
Let b be 5 + -1*10/5. Let n(f) = 0 - 2*f + b*f - 6 + 2. Suppose 3*z - z = -10. Determine n(z).
-9
Let g(j) = 19*j + 18*j + 11*j - 64*j + 8 + 9*j. Determine g(7).
-41
Suppose -h + 2*h = -g - 8, 4*h = -2*g - 26. Let j(s) be the second derivative of 1/2*s**4 + 1/20*s**5 + 5*s + 3/2*s**2 + 0 + s**3. What is j(h)?
-2
Let j(o) = 9 - 5*o - o + 0*o + 10. Let m(a) be the first derivative of -2*a**2 + 13*a - 3. Let g(y) = -5*j(y) + 7*m(y). Calculate g(4).
4
Let r(j) be the first derivative of 0*j**3 + 1 + 1/2*j**2 - j + 15/4*j**4. Let k be 4/3 - (-5 - 128/(-24)). Determine r(k).
15
Let q(m) = -13 + 20 - 14*m - 14*m - 12 + 25*m. What is q(-7)?
16
Suppose 42*m - 23*m = -38. Let y(a) = a**3 + 2*a**2 + a + 1. What is y(m)?
-1
Let x be ((-2)/6)/((-2)/12). Let o be ((-1)/3)/((-122)/24 + 5). Let y(z) = 3 - o*z**3 + 1 - 2 + 2*z**3. Calculate y(x).
-14
Let d(i) = 7*i**2 + 2*i - 1. Let w be (-68 - -66)*(2 - 4)/(-2). Calculate d(w).
23
Suppose 4*h - n = 0, -1 = h - 3*n + 10. Let y be (h + -7)*8/(-16). Let f(w) = y*w - 4 + 2*w - 4*w. Give f(0).
-4
Let g(y) = 2*y - 12. Let j(t) = t**3 - 9*t**2 - 2*t + 85. Let a be j(8). Give g(a).
-2
Let h(r) = -18*r - 2. Let i(x) = -2*x - 24. Let c be i(-11). What is h(c)?
34
Let g be (-36)/(-2) - (-3 - -3). Let k = -16 + g. Let d(r) = -r + 2*r - 3 - r - k*r. Determine d(4).
-11
Let h(l) = l**3 + 8*l**2 - 9*l + 4. Let y = -302 - -293. Give h(y).
4
Let z(a) = 6*a**2 + a + 1. Suppose 0 = -2*i + 2*x + 6, 3*i + 3*x + 1 + 14 = 0. Determine z(i).
6
Let q(c) = 2*c**3 + 10*c**2 - 2*c - 6. Let b be q(-5). Let s(w) = -2*w + 7. What is s(b)?
-1
Let i(k) = 9*k + 83. Let h be i(-8). Let c(o) = -o**2 + 11*o - 7. Determine c(h).
-7
Suppose 0 - 10 = -5*j. Let l(u) = u + 20*u**2 - j + 0*u - 19*u**2. Determine l(2).
4
Let c(k) = -2*k**2 - 2*k + 2. Let j be -6 + 8/(56/21). Determine c(j).
-10
Let a(x) = -7*x**2 + 21*x + 4. Let z be a(3). Let j(r) = 6*r - 5. What is j(z)?
19
Let g(l) = -l + 2 - 7 + 5 - 1. Let p = -17 - -15. Give g(p).
1
Let y(b) = b + 7. Let h be y(0). Let w(s) = -s**3 + 11*s**2 - 6 + 158*s - 3*s**2 - 164*s. What is w(h)?
1
Let a(j) = j - 8. Let m(n) = -12*n + 12. Let c be m(1). What is a(c)?
-8
Let j(x) = -3*x**2 - x. Let p = -9 + 14. Let v(i) = i**2 - 4*i - 2. Let k be v(p). Let g(h) = h**3 + 3*h**2 + h + 1. Let f(o) = k*j(o) + 2*g(o). Give f(2).
4
Let v be (1 - 3) + (23 - 3). Let d = -21 + v. Let w(m) be the second derivative of m**4/6 + m**3/6 - 3*m**2/2 - 19*m. Determine w(d).
12
Let p(m) = 5*m + 21*m**3 - 2 + 15*m**3 + 5 - 37*m**3 + 7*m**2 - 2*m**2. Determine p(7).
-60
Let j(c) = -3*c**2 + 3*c - 6. Let p(k) = 4*k**2 - 4*k + 7. Let m = -20 - -24. Let v(b) = m*p(b) + 5*j(b). Suppose 0*y = 2*y. Determine v(y).
-2
Let c(w) = -w + 2. Let y(x) = -x**3 + 9*x**2 + 28*x + 9. Let i(d) = d**3 - 9*d**2 - 29*d - 10. Let f(t) = 6*i(t) + 7*y(t). Let k be f(11). Calculate c(k).
-1
Let y(z) = 3*z - 6*z - 3 + 5. Let t = 43 + 0. Let g = -39 + t. Determine y(g).
-10
Suppose b = 3*b - 6. Let z(q) = 1 + b - 1 - 4*q - 5 - 2*q**2. Determine z(-2).
-2
Let r(i) = -i**2 + 6*i - 7. Let g be r(3). Let z(o) = -11*o**2 - o + 10*o**g - 12 - 1. Suppose 0 = -3*w + 2*w + 2*a - 6, 12 = -3*w + 4*a. Determine z(w).
-13
Let k(m) be the first derivative of 3*m**4/2 + m**3/3 - 4. Suppose 16*o - 17*o = -5. Suppose o*s - 2 = 3. Determine k(s).
7
Suppose 3*q - y - 3*y + 34 = 0, 2*y = 8. Let s(m) = 2 + 5*m + m**2 + 0*m**2 - 4. Calculate s(q).
4
Let p(j) be the first derivative of -1/2*j**4 + 2*j**2 - 1 + 1/20*j**5 + 1/2*j**3 - j. Let m(r) be the first derivative of p(r). Give m(4).
-16
Let k(c) = 2*c**3 + 2*c**2 - 10*c - 9. Let l(m) = m**3 + 3*m**2 - 5*m - 4. Let g(h) = -3*k(h) + 5*l(h). Determine g(9).
52
Let z(i) = -i**2 + 3*i + 34. Let w be z(-4). Let h(d) be the third derivative of -d**4/8 + 4*d**3/3 + 2*d**2. Calculate h(w).
-10
Let z(r) = -r + 42. Let q(k) = 2*k - 80. Let d(t) = 6*q(t) + 11*z(t). Calculate d(0).
-18
Let z be -2 - (-20)/(-28) - 12/42. Let l(y) = y**3 + y. Determine l(z).
-30
Let s(x) = -8*x - 10*x + 21*x - x**2 - x**2 + x**2 - 6. What is s(0)?
-6
Let i(d) be the third derivative of 19*d**2 - 4/3*d**3 - 1/24*d**4 + 0 + 0*d. Give i(-7).
-1
Let y(c) be the second derivative of c**5/20 - 2*c**4/3 - 5*c**3/6 - 7*c**2/2 + 374*c. Give y(9).
29
Suppose -v + 3 = 5*g - 1, -4*v = -3*g + 30. Let q(t) = -4*t**2 - 2. Let k(l) = 13*l**2 + 5*l + 6. Let s(z) = -k(z) - 3*q(z). What is s(v)?
-6
Suppose 2*q - 22 = -4*o, 4*q - 4 = 8. Let v(u) = -5 - 564*u + 569*u + 3*u**2 - 1 + 5 - u**3. Let x be v(o). Let c(a) = 4*a + 3. What is c(x)?
15
Suppose 5*q + 4*t = -22 + 12, -2*q - 3*t = 4. Let y(j) = j**3 + j**2 - j + 1. Let z(s) = -3*s**3 + 8*s - 2. Let x(o) = -4*y(o) - z(o). What is x(q)?
-2
Let y(f) = -6*f - 6. Let c(q) = -3*q - 22. Let j be c(-6). Give y(j).
18
Let b(i) = -i**3 - 5*i**2 + i + 5. Let o(m) = m**3 + m**2 - m - 4. Let y be o(0). Calculate b(y).
-15
Let u = -2 + -1. Let y(b) = -7*b**2 + 3*b**2 + 157 - b**3 - 157. What is y(u)?
-9
Let y(m) = m**2 - 3. Suppose 2*f - 2*r + 84 = 0, 0 = 6*r - r + 15. Let d = 48 + f. Determine y(d).
6
Let l(q) = 10*q - 9 + 9*q**2 + 5 + 16 - 8*q**2. Give l(-9).
3
Let s be ((-3)/(-6))/((-5)/(-10)). Let g(p) = 10*p - 11*p - s - 6*p. Give g(1).
-8
Let s(r) =